{"id":2,"date":"2022-07-23T14:50:27","date_gmt":"2022-07-23T12:50:27","guid":{"rendered":"http:\/\/godisgood.com.pl\/?page_id=2"},"modified":"2025-10-06T08:06:13","modified_gmt":"2025-10-06T06:06:13","slug":"god-is-good-grudziadz","status":"publish","type":"page","link":"https:\/\/godisgood.com.pl\/","title":{"rendered":"God is Good Grudzi\u0105dz"},"content":{"rendered":"\n<figure class=\"wp-block-image size-large\"><img loading=\"lazy\" decoding=\"async\" width=\"1024\" height=\"778\" src=\"https:\/\/godisgood.com.pl\/wp-content\/uploads\/2022\/07\/godisgoodgrudziadz-1024x778.png\" alt=\"\" class=\"wp-image-5\" srcset=\"https:\/\/godisgood.com.pl\/wp-content\/uploads\/2022\/07\/godisgoodgrudziadz-1024x778.png 1024w, https:\/\/godisgood.com.pl\/wp-content\/uploads\/2022\/07\/godisgoodgrudziadz-300x228.png 300w, https:\/\/godisgood.com.pl\/wp-content\/uploads\/2022\/07\/godisgoodgrudziadz-768x583.png 768w, https:\/\/godisgood.com.pl\/wp-content\/uploads\/2022\/07\/godisgoodgrudziadz-1536x1167.png 1536w, https:\/\/godisgood.com.pl\/wp-content\/uploads\/2022\/07\/godisgoodgrudziadz-2048x1556.png 2048w\" sizes=\"auto, (max-width: 1024px) 100vw, 1024px\" \/><\/figure>\n\n\n\n<h1 class=\"wp-block-heading has-larger-font-size\" style=\"font-style:normal;font-weight:500\">God is Good Grudzi\u0105dz to Zb\u00f3r Ko\u015bcio\u0142a Zielono\u015bwi\u0105tkowego, kt\u00f3ry jest jednym z grudzi\u0105dzkich ewangelicznych ko\u015bcio\u0142\u00f3w protestanckich. Nale\u017cy do okr\u0119gu pomorskiego Ko\u015bcio\u0142a Zielono\u015bwi\u0105tkowego w RP<strong>.<\/strong><\/h1>\n\n\n\n<h1 class=\"wp-block-heading has-larger-font-size\" style=\"font-style:normal;font-weight:500\">Nabo\u017ce\u0144stwa otwarte Ko\u015bcio\u0142a Zielono\u015bwi\u0105tkowego w Grudzi\u0105dzu odbywaj\u0105 si\u0119 w ka\u017cd\u0105 niedziel\u0119 &#8211; godz. 11.00 &#8211; ul. Portowa 8 MARINA &#8211; PORT SCHULZA Zapraszamy!&nbsp;<\/h1>\n\n\n\n<p class=\"has-larger-font-size\"><\/p>\n\n\n\n<p><\/p>\n\n\n\n<p><\/p>\n\n\n\n<div class=\"wp-block-columns is-layout-flex wp-container-core-columns-is-layout-9d6595d7 wp-block-columns-is-layout-flex\">\n<div class=\"wp-block-column is-layout-flow wp-block-column-is-layout-flow\" style=\"flex-basis:100%\"><\/div>\n<\/div>\n\n\n\n<p><\/p>\n\n\n\n<p><strong><div class=\"sfsi_widget sfsi_shortcode_container\"><div class=\"norm_row sfsi_wDiv \"  style=\"width:225px;text-align:left;\"><div style='width:40px; height:40px;margin-left:5px;margin-bottom:5px; ' class='sfsi_wicons shuffeldiv ' ><div class='inerCnt'><a class=' sficn' data-effect='' target='_blank'  href='http:\/\/www.twitter.com\/k_czepukojc' id='sfsiid_twitter_icon' style='width:40px;height:40px;opacity:1;'  ><img data-pin-nopin='true' alt='Twitter' title='Twitter' src='https:\/\/godisgood.com.pl\/wp-content\/plugins\/ultimate-social-media-icons\/images\/icons_theme\/default\/default_twitter.png' width='40' height='40' style='' class='sfcm sfsi_wicon ' data-effect=''   \/><\/a><div class=\"sfsi_tool_tip_2 twt_tool_bdr sfsiTlleft\" style=\"opacity:0;z-index:-1;\" id=\"sfsiid_twitter\"><span class=\"bot_arow bot_twt_arow\"><\/span><div class=\"sfsi_inside\"><div  class='cstmicon1'><a href='http:\/\/www.twitter.com\/k_czepukojc' target='_blank'><img data-pin-nopin='true' class='sfsi_wicon' alt='Visit Us' title='Visit Us' src='https:\/\/godisgood.com.pl\/wp-content\/plugins\/ultimate-social-media-icons\/images\/visit_icons\/Visit_us_twitter\/icon_Visit_us_en_US.png' \/><\/a><\/div><div  class='icon1'><a target=\"_blank\" href=\"https:\/\/twitter.com\/intent\/user?screen_name=k_czepukojc\">\r\n\t\t\t<img decoding=\"async\" data-pin-nopin= true src=\"https:\/\/godisgood.com.pl\/wp-content\/plugins\/ultimate-social-media-icons\/images\/share_icons\/Twitter_Follow\/en_US_Follow.svg\" class=\"sfsi_wicon\" alt=\"Follow Me\" title=\"Follow Me\" style=\"opacity: 1;\" \/>\r\n\t\t\t<\/a><\/div><div  class='icon2'><div class='sf_twiter' style='display: inline-block;vertical-align: middle;width: auto;'>\r\n\t\t\t\t\t\t<a target='_blank' href='https:\/\/twitter.com\/intent\/tweet?text=Hey%2C+check+out+this+cool+site+I+found%3A+www.yourname.com+%23Topic+via%40my_twitter_name+https:\/\/godisgood.com.pl\/?rest_route=\/wp\/v2\/pages\/2' style='display:inline-block' >\r\n\t\t\t\t\t\t\t<img data-pin-nopin= true class='sfsi_wicon' src='https:\/\/godisgood.com.pl\/wp-content\/plugins\/ultimate-social-media-icons\/images\/share_icons\/Twitter_Tweet\/en_US_Tweet.svg' alt='Tweet' title='Tweet' >\r\n\t\t\t\t\t\t<\/a>\r\n\t\t\t\t\t<\/div><\/div><\/div><\/div><\/div><\/div><div style='width:40px; height:40px;margin-left:5px;margin-bottom:5px; ' class='sfsi_wicons shuffeldiv ' ><div class='inerCnt'><a class=' sficn' data-effect='' target='_blank'  href='http:\/\/www.instagram.com\/godisgoodgrudziadz' id='sfsiid_instagram_icon' style='width:40px;height:40px;opacity:1;'  ><img data-pin-nopin='true' alt='Instagram' title='Instagram' src='https:\/\/godisgood.com.pl\/wp-content\/plugins\/ultimate-social-media-icons\/images\/icons_theme\/default\/default_instagram.png' width='40' height='40' style='' class='sfcm sfsi_wicon ' data-effect=''   \/><\/a><\/div><\/div><div style='width:40px; height:40px;margin-left:5px;margin-bottom:5px; ' class='sfsi_wicons shuffeldiv ' ><div class='inerCnt'><a class=' sficn' data-effect='' target='_blank'  href='http:\/\/www.tiktok.com\/@kczepukojc' id='sfsiid_tiktok_icon' style='width:40px;height:40px;opacity:1;'  ><img data-pin-nopin='true' alt='Tiktok' title='Tiktok' src='https:\/\/godisgood.com.pl\/wp-content\/plugins\/ultimate-social-media-icons\/images\/icons_theme\/default\/default_tiktok.png' width='40' height='40' style='' class='sfcm sfsi_wicon ' data-effect=''   \/><\/a><\/div><\/div><\/div ><div id=\"sfsi_holder\" class=\"sfsi_holders\" style=\"position: relative; float: left;width:100%;z-index:-1;\"><\/div ><script>window.addEventListener(\"sfsi_functions_loaded\", function()\n\t\t\t{\n\t\t\t\tif (typeof sfsi_widget_set == \"function\") {\n\t\t\t\t\tsfsi_widget_set();\n\t\t\t\t}\n\t\t\t}); <\/script><div style=\"clear: both;\"><\/div><\/div><\/strong><\/p>\n\n\n\n<p><\/p>\n\n\n\n<p><\/p>\n\n\n\n<p><\/p>\n\n\n\n<p><\/p>\n","protected":false},"excerpt":{"rendered":"<p>God is Good Grudzi\u0105dz to Zb\u00f3r Ko\u015bcio\u0142a Zielono\u015bwi\u0105tkowego, kt\u00f3ry jest jednym z grudzi\u0105dzkich ewangelicznych ko\u015bcio\u0142\u00f3w [&hellip;]<\/p>\n","protected":false},"author":1,"featured_media":0,"parent":0,"menu_order":0,"comment_status":"closed","ping_status":"open","template":"","meta":{"footnotes":""},"class_list":["post-2","page","type-page","status-publish","hentry"],"yoast_head":"<!-- This site is optimized with the Yoast SEO plugin v27.6 - https:\/\/yoast.com\/product\/yoast-seo-wordpress\/ -->\n<title>God is Good Grudzi\u0105dz - Ko\u015bci\u00f3\u0142 Zielono\u015bwi\u0105tkowy w Grudzi\u0105dzu<\/title>\n<meta name=\"description\" content=\"Ko\u015bci\u00f3\u0142 Zielono\u015bwi\u0105tkowy w Grudzi\u0105dzu jest jednym z grudzi\u0105dzkich ewangelicznych ko\u015bcio\u0142\u00f3w protestanckich\" \/>\n<meta name=\"robots\" content=\"index, follow, max-snippet:-1, max-image-preview:large, max-video-preview:-1\" \/>\n<link rel=\"canonical\" href=\"https:\/\/godisgood.com.pl\/\" \/>\n<meta property=\"og:locale\" content=\"pl_PL\" \/>\n<meta property=\"og:type\" content=\"article\" \/>\n<meta property=\"og:title\" content=\"God is Good Grudzi\u0105dz - Ko\u015bci\u00f3\u0142 Zielono\u015bwi\u0105tkowy w Grudzi\u0105dzu\" \/>\n<meta property=\"og:description\" content=\"Ko\u015bci\u00f3\u0142 Zielono\u015bwi\u0105tkowy w Grudzi\u0105dzu jest jednym z grudzi\u0105dzkich ewangelicznych ko\u015bcio\u0142\u00f3w protestanckich\" \/>\n<meta property=\"og:url\" content=\"https:\/\/godisgood.com.pl\/\" \/>\n<meta property=\"og:site_name\" content=\"Ko\u015bci\u00f3\u0142 Zielono\u015bwi\u0105tkowy w Grudzi\u0105dzu\" \/>\n<meta property=\"article:modified_time\" content=\"2025-10-06T06:06:13+00:00\" \/>\n<meta property=\"og:image\" content=\"https:\/\/godisgood.com.pl\/wp-content\/uploads\/2022\/07\/godisgoodgrudziadz.png\" \/>\n\t<meta property=\"og:image:width\" content=\"2368\" \/>\n\t<meta property=\"og:image:height\" content=\"1799\" \/>\n\t<meta property=\"og:image:type\" content=\"image\/png\" \/>\n<meta name=\"twitter:card\" content=\"summary_large_image\" \/>\n<meta name=\"twitter:label1\" content=\"Szacowany czas czytania\" \/>\n\t<meta name=\"twitter:data1\" content=\"1 minuta\" \/>\n<script type=\"application\/ld+json\" class=\"yoast-schema-graph\">{\"@context\":\"https:\\\/\\\/schema.org\",\"@graph\":[{\"@type\":\"WebPage\",\"@id\":\"https:\\\/\\\/godisgood.com.pl\\\/\",\"url\":\"https:\\\/\\\/godisgood.com.pl\\\/\",\"name\":\"God is Good Grudzi\u0105dz - Ko\u015bci\u00f3\u0142 Zielono\u015bwi\u0105tkowy w Grudzi\u0105dzu\",\"isPartOf\":{\"@id\":\"https:\\\/\\\/godisgood.com.pl\\\/#website\"},\"primaryImageOfPage\":{\"@id\":\"https:\\\/\\\/godisgood.com.pl\\\/#primaryimage\"},\"image\":{\"@id\":\"https:\\\/\\\/godisgood.com.pl\\\/#primaryimage\"},\"thumbnailUrl\":\"https:\\\/\\\/godisgood.com.pl\\\/wp-content\\\/uploads\\\/2022\\\/07\\\/godisgoodgrudziadz-1024x778.png\",\"datePublished\":\"2022-07-23T12:50:27+00:00\",\"dateModified\":\"2025-10-06T06:06:13+00:00\",\"description\":\"Ko\u015bci\u00f3\u0142 Zielono\u015bwi\u0105tkowy w Grudzi\u0105dzu jest jednym z grudzi\u0105dzkich ewangelicznych ko\u015bcio\u0142\u00f3w protestanckich\",\"breadcrumb\":{\"@id\":\"https:\\\/\\\/godisgood.com.pl\\\/#breadcrumb\"},\"inLanguage\":\"pl-PL\",\"potentialAction\":[{\"@type\":\"ReadAction\",\"target\":[\"https:\\\/\\\/godisgood.com.pl\\\/\"]}]},{\"@type\":\"ImageObject\",\"inLanguage\":\"pl-PL\",\"@id\":\"https:\\\/\\\/godisgood.com.pl\\\/#primaryimage\",\"url\":\"https:\\\/\\\/godisgood.com.pl\\\/wp-content\\\/uploads\\\/2022\\\/07\\\/godisgoodgrudziadz.png\",\"contentUrl\":\"https:\\\/\\\/godisgood.com.pl\\\/wp-content\\\/uploads\\\/2022\\\/07\\\/godisgoodgrudziadz.png\",\"width\":2368,\"height\":1799,\"caption\":\"Ko\u015bci\u00f3\u0142 Zielono\u015bwi\u0105tkowy w Grudzi\u0105dzu\"},{\"@type\":\"BreadcrumbList\",\"@id\":\"https:\\\/\\\/godisgood.com.pl\\\/#breadcrumb\",\"itemListElement\":[{\"@type\":\"ListItem\",\"position\":1,\"name\":\"Strona g\u0142\u00f3wna\",\"item\":\"https:\\\/\\\/godisgood.com.pl\\\/\"},{\"@type\":\"ListItem\",\"position\":2,\"name\":\"God is Good Grudzi\u0105dz\"}]},{\"@type\":\"WebSite\",\"@id\":\"https:\\\/\\\/godisgood.com.pl\\\/#website\",\"url\":\"https:\\\/\\\/godisgood.com.pl\\\/\",\"name\":\"Ko\u015bci\u00f3\u0142 Zielono\u015bwi\u0105tkowy w Grudzi\u0105dzu\",\"description\":\"to spo\u0142eczno\u015b\u0107 chrze\u015bcijan skupiona wok\u00f3\u0142 osoby Jezusa\",\"publisher\":{\"@id\":\"https:\\\/\\\/godisgood.com.pl\\\/#organization\"},\"potentialAction\":[{\"@type\":\"SearchAction\",\"target\":{\"@type\":\"EntryPoint\",\"urlTemplate\":\"https:\\\/\\\/godisgood.com.pl\\\/?s={search_term_string}\"},\"query-input\":{\"@type\":\"PropertyValueSpecification\",\"valueRequired\":true,\"valueName\":\"search_term_string\"}}],\"inLanguage\":\"pl-PL\"},{\"@type\":\"Organization\",\"@id\":\"https:\\\/\\\/godisgood.com.pl\\\/#organization\",\"name\":\"Ko\u015bci\u00f3\u0142 Zielono\u015bwi\u0105tkowy w Grudzi\u0105dzu\",\"url\":\"https:\\\/\\\/godisgood.com.pl\\\/\",\"logo\":{\"@type\":\"ImageObject\",\"inLanguage\":\"pl-PL\",\"@id\":\"https:\\\/\\\/godisgood.com.pl\\\/#\\\/schema\\\/logo\\\/image\\\/\",\"url\":\"https:\\\/\\\/godisgood.com.pl\\\/wp-content\\\/uploads\\\/2022\\\/07\\\/cropped-godisgoodgrudziadz-1.png\",\"contentUrl\":\"https:\\\/\\\/godisgood.com.pl\\\/wp-content\\\/uploads\\\/2022\\\/07\\\/cropped-godisgoodgrudziadz-1.png\",\"width\":70,\"height\":53,\"caption\":\"Ko\u015bci\u00f3\u0142 Zielono\u015bwi\u0105tkowy w Grudzi\u0105dzu\"},\"image\":{\"@id\":\"https:\\\/\\\/godisgood.com.pl\\\/#\\\/schema\\\/logo\\\/image\\\/\"},\"sameAs\":[\"https:\\\/\\\/www.instagram.com\\\/godisgoodgrudziadz\"]}]}<\/script>\n<!-- \/ Yoast SEO plugin. -->","yoast_head_json":{"title":"God is Good Grudzi\u0105dz - Ko\u015bci\u00f3\u0142 Zielono\u015bwi\u0105tkowy w Grudzi\u0105dzu","description":"Ko\u015bci\u00f3\u0142 Zielono\u015bwi\u0105tkowy w Grudzi\u0105dzu jest jednym z grudzi\u0105dzkich ewangelicznych ko\u015bcio\u0142\u00f3w protestanckich","robots":{"index":"index","follow":"follow","max-snippet":"max-snippet:-1","max-image-preview":"max-image-preview:large","max-video-preview":"max-video-preview:-1"},"canonical":"https:\/\/godisgood.com.pl\/","og_locale":"pl_PL","og_type":"article","og_title":"God is Good Grudzi\u0105dz - Ko\u015bci\u00f3\u0142 Zielono\u015bwi\u0105tkowy w Grudzi\u0105dzu","og_description":"Ko\u015bci\u00f3\u0142 Zielono\u015bwi\u0105tkowy w Grudzi\u0105dzu jest jednym z grudzi\u0105dzkich ewangelicznych ko\u015bcio\u0142\u00f3w protestanckich","og_url":"https:\/\/godisgood.com.pl\/","og_site_name":"Ko\u015bci\u00f3\u0142 Zielono\u015bwi\u0105tkowy w Grudzi\u0105dzu","article_modified_time":"2025-10-06T06:06:13+00:00","og_image":[{"width":2368,"height":1799,"url":"https:\/\/godisgood.com.pl\/wp-content\/uploads\/2022\/07\/godisgoodgrudziadz.png","type":"image\/png"}],"twitter_card":"summary_large_image","twitter_misc":{"Szacowany czas czytania":"1 minuta"},"schema":{"@context":"https:\/\/schema.org","@graph":[{"@type":"WebPage","@id":"https:\/\/godisgood.com.pl\/","url":"https:\/\/godisgood.com.pl\/","name":"God is Good Grudzi\u0105dz - Ko\u015bci\u00f3\u0142 Zielono\u015bwi\u0105tkowy w Grudzi\u0105dzu","isPartOf":{"@id":"https:\/\/godisgood.com.pl\/#website"},"primaryImageOfPage":{"@id":"https:\/\/godisgood.com.pl\/#primaryimage"},"image":{"@id":"https:\/\/godisgood.com.pl\/#primaryimage"},"thumbnailUrl":"https:\/\/godisgood.com.pl\/wp-content\/uploads\/2022\/07\/godisgoodgrudziadz-1024x778.png","datePublished":"2022-07-23T12:50:27+00:00","dateModified":"2025-10-06T06:06:13+00:00","description":"Ko\u015bci\u00f3\u0142 Zielono\u015bwi\u0105tkowy w Grudzi\u0105dzu jest jednym z grudzi\u0105dzkich ewangelicznych ko\u015bcio\u0142\u00f3w protestanckich","breadcrumb":{"@id":"https:\/\/godisgood.com.pl\/#breadcrumb"},"inLanguage":"pl-PL","potentialAction":[{"@type":"ReadAction","target":["https:\/\/godisgood.com.pl\/"]}]},{"@type":"ImageObject","inLanguage":"pl-PL","@id":"https:\/\/godisgood.com.pl\/#primaryimage","url":"https:\/\/godisgood.com.pl\/wp-content\/uploads\/2022\/07\/godisgoodgrudziadz.png","contentUrl":"https:\/\/godisgood.com.pl\/wp-content\/uploads\/2022\/07\/godisgoodgrudziadz.png","width":2368,"height":1799,"caption":"Ko\u015bci\u00f3\u0142 Zielono\u015bwi\u0105tkowy w Grudzi\u0105dzu"},{"@type":"BreadcrumbList","@id":"https:\/\/godisgood.com.pl\/#breadcrumb","itemListElement":[{"@type":"ListItem","position":1,"name":"Strona g\u0142\u00f3wna","item":"https:\/\/godisgood.com.pl\/"},{"@type":"ListItem","position":2,"name":"God is Good Grudzi\u0105dz"}]},{"@type":"WebSite","@id":"https:\/\/godisgood.com.pl\/#website","url":"https:\/\/godisgood.com.pl\/","name":"Ko\u015bci\u00f3\u0142 Zielono\u015bwi\u0105tkowy w Grudzi\u0105dzu","description":"to spo\u0142eczno\u015b\u0107 chrze\u015bcijan skupiona wok\u00f3\u0142 osoby Jezusa","publisher":{"@id":"https:\/\/godisgood.com.pl\/#organization"},"potentialAction":[{"@type":"SearchAction","target":{"@type":"EntryPoint","urlTemplate":"https:\/\/godisgood.com.pl\/?s={search_term_string}"},"query-input":{"@type":"PropertyValueSpecification","valueRequired":true,"valueName":"search_term_string"}}],"inLanguage":"pl-PL"},{"@type":"Organization","@id":"https:\/\/godisgood.com.pl\/#organization","name":"Ko\u015bci\u00f3\u0142 Zielono\u015bwi\u0105tkowy w Grudzi\u0105dzu","url":"https:\/\/godisgood.com.pl\/","logo":{"@type":"ImageObject","inLanguage":"pl-PL","@id":"https:\/\/godisgood.com.pl\/#\/schema\/logo\/image\/","url":"https:\/\/godisgood.com.pl\/wp-content\/uploads\/2022\/07\/cropped-godisgoodgrudziadz-1.png","contentUrl":"https:\/\/godisgood.com.pl\/wp-content\/uploads\/2022\/07\/cropped-godisgoodgrudziadz-1.png","width":70,"height":53,"caption":"Ko\u015bci\u00f3\u0142 Zielono\u015bwi\u0105tkowy w Grudzi\u0105dzu"},"image":{"@id":"https:\/\/godisgood.com.pl\/#\/schema\/logo\/image\/"},"sameAs":["https:\/\/www.instagram.com\/godisgoodgrudziadz"]}]}},"_links":{"self":[{"href":"https:\/\/godisgood.com.pl\/index.php?rest_route=\/wp\/v2\/pages\/2","targetHints":{"allow":["GET"]}}],"collection":[{"href":"https:\/\/godisgood.com.pl\/index.php?rest_route=\/wp\/v2\/pages"}],"about":[{"href":"https:\/\/godisgood.com.pl\/index.php?rest_route=\/wp\/v2\/types\/page"}],"author":[{"embeddable":true,"href":"https:\/\/godisgood.com.pl\/index.php?rest_route=\/wp\/v2\/users\/1"}],"replies":[{"embeddable":true,"href":"https:\/\/godisgood.com.pl\/index.php?rest_route=%2Fwp%2Fv2%2Fcomments&post=2"}],"version-history":[{"count":36,"href":"https:\/\/godisgood.com.pl\/index.php?rest_route=\/wp\/v2\/pages\/2\/revisions"}],"predecessor-version":[{"id":285,"href":"https:\/\/godisgood.com.pl\/index.php?rest_route=\/wp\/v2\/pages\/2\/revisions\/285"}],"wp:attachment":[{"href":"https:\/\/godisgood.com.pl\/index.php?rest_route=%2Fwp%2Fv2%2Fmedia&parent=2"}],"curies":[{"name":"wp","href":"https:\/\/api.w.org\/{rel}","templated":true}]}}